What is the remainder when 88 is divided by w?
17
What is the remainder when (((-20)/(-1))/(-2))/(19/(-209)) is divided by (-111)/(-9)*(-3)/(-1)?
36
Suppose -2*x = -109 - 131. Suppose -2*a - x = -6*a. Suppose 9*b = 4*b + a. Calculate the remainder when 17 is divided by b.
5
Calculate the remainder when -1*(-2256)/(8 + -2) is divided by 42.
40
Suppose 4*o = 14 + 22. What is the remainder when (275/(-66))/((-13)/78) is divided by o?
7
Suppose 105 = 5*s + 5*l, -3*l - 27 = -2*s - 0. What is the remainder when 72 is divided by s?
0
Let q(c) be the first derivative of 3*c**3 + 3*c**2 - c + 24. What is the remainder when q(4) is divided by 17?
14
Let q(i) = 5*i - 68. What is the remainder when q(19) is divided by 8?
3
Suppose -3*x = 3*f - 3, -4 + 0 = -f - 4*x. Suppose -i = -f*i - 3. Calculate the remainder when 2/7 - 136/(-14) is divided by i.
1
Suppose -5*i - 72 = -8*i + 2*x, 24 = i - 4*x. Suppose 5*q - 26 = 3*q. Calculate the remainder when i is divided by q.
11
Let n(o) = -9*o - 5. Let x be n(2). Let h = x + 31. What is the remainder when (-10)/((1/1)/(-3)) is divided by h?
6
Let s be 2/(-6)*(-15)/(-5). Calculate the remainder when (-370)/5*s - 0 is divided by 25.
24
Calculate the remainder when (60/8 - 6)/(3/424) is divided by 4.
0
Suppose -2 = -25*u + 198. Calculate the remainder when 30 is divided by u.
6
Suppose 0 = 13*q - 3515 - 918. Calculate the remainder when q is divided by 57.
56
Suppose 0 = -2*d + 3*m + 2 + 28, -3*d + 3*m = -39. Calculate the remainder when 35 is divided by d.
8
Let l be 2/(-6) + 1/3. Suppose 5*p - 60 = -5*w, 2*p + l*w - 44 = 3*w. Suppose 126 = -r + 3*r. Calculate the remainder when r is divided by p.
15
Let q = 25 + -4. Calculate the remainder when 73 is divided by (-4 + q/(-1))/(-1).
23
Let d(w) = -w**2 - 7*w + 13. Let l be d(-8). Let h(z) = 2*z. What is the remainder when 19 is divided by h(l)?
9
Let m(f) = 12*f + 1. Let c be 1/((-2)/(-4))*10/20. Calculate the remainder when 23 is divided by m(c).
10
Calculate the remainder when (24/(-7))/(-4) - 84568/(-154) is divided by 46.
44
Let h be (18/54)/((-3)/207). Suppose j - 5*x = -43, -5*x = j - 4*j - 79. Let v = j - h. Calculate the remainder when 13 is divided by v.
3
Suppose 4*q - 4 = 2*l + 10, 0 = q - 4. Calculate the remainder when 25 is divided by (l + (-5)/4)*(-22 - 6).
4
Suppose -3*k - 6 = 0, -3*i - 5*k = -60 + 16. Suppose 2 - 12 = -l - 4*o, 4*l = 5*o + 40. What is the remainder when i is divided by l?
8
Suppose -22*b - 14 + 432 = 0. What is the remainder when 436 is divided by b?
18
Suppose -12*j = -108 - 48. What is the remainder when 27 is divided by ((-9)/(-6))/((-1)/2) + j?
7
Suppose -5*v = -3*j - 93, -4*v - 4*j = -36 - 64. Calculate the remainder when v is divided by 8.
5
Let v(l) be the second derivative of -5*l**3/6 + 5*l**2 + 11*l. What is the remainder when v(-5) is divided by 19?
16
Let t(a) = a**3 + 15*a**2 - a + 11. Let g be (-16)/(-56) - (-214)/(-14). Let k be t(g). Let v = 37 - k. What is the remainder when 41 is divided by v?
8
Suppose -4*b = -x + 339, -4*x - 2*b + 1407 = -b. Suppose 4*l + 119 = x. Calculate the remainder when l is divided by 20.
18
Suppose -30*q = -q - 4089. Let c(l) = -23*l**2. Let s be c(-2). Let y = s + q. Calculate the remainder when y is divided by 13.
10
Let v(x) = -x - 18. Let r be v(-8). Let c = 23 + r. Suppose -4*t + 5*t = 8. Calculate the remainder when c is divided by t.
5
Let v(p) = 13*p - 3. Let y(k) = -27*k + 7. Let w(s) = -5*v(s) - 2*y(s). Let n be w(2). Calculate the remainder when (18 - 4)*(-6)/n is divided by 3.
1
Suppose 4*y - 3 = 4*u - 39, 5*u = -4*y + 18. Let v = 8 - u. What is the remainder when 8 is divided by v?
0
Let k = 123 + -112. What is the remainder when 76 is divided by k?
10
Suppose 11*g = -2*g + 65. What is the remainder when g is divided by 3?
2
Suppose 2*u + 6 - 52 = 0. Let y = 82 - 85. Let g = 9 - y. Calculate the remainder when u is divided by g.
11
Let f(k) = -13*k - 8. Let g be f(-7). Let o = -76 + g. What is the remainder when 83 is divided by o?
6
Suppose 113*k = 96*k + 9945. What is the remainder when k is divided by 291?
3
Let y(j) = -2*j**2 + 17*j**3 + 1 + 4*j**2 - 61*j**3 - 4*j**2. Let r = 14 + 1. Calculate the remainder when y(-1) is divided by r.
13
Let q(u) be the first derivative of -u**4/4 - 5*u**3/3 - u**2/2 + 4*u + 6. Let m be q(-6). Suppose -m = -w - w. Calculate the remainder when 67 is divided by w.
21
Let i(x) = -4*x**2 + 11*x - 2. Let c be i(5). Let m = 50 + c. Calculate the remainder when 30 is divided by m.
0
Let s(x) = 2*x**2 + 5*x - 10. Let u be s(-4). What is the remainder when 34 is divided by u + -3 - -13 - 3?
7
Let r(a) = -a + 8. Let g be r(3). Suppose -18 = g*k + 17. Let x(q) = -q**3 - 8*q**2 - 6*q + 10. Calculate the remainder when 3 is divided by x(k).
0
Let p(t) = t**2 + 16*t + 18. Let u be p(-15). Suppose u*c = -27 - 9. Let k = c - -85. Calculate the remainder when k is divided by 15.
13
Suppose 2*w - 136 = -2*t - 38, -3*w - 73 = -2*t. What is the remainder when t is divided by 16?
12
Calculate the remainder when 155/(-10)*(-1 - 3) + 4 is divided by 19.
9
Suppose 0 = 2*r - l - 12, 4*r = -0*l - 2*l + 32. Let n = 3 + -3. Let s(o) = -o + 13. What is the remainder when s(n) is divided by r?
6
Suppose 3*z + 3*u = 12, 2*z + 1 = 4*u + 9. Suppose 2*h + 26 = 4*h. Calculate the remainder when h is divided by z.
1
Let a be 17/(-34) + (-66)/(-4). What is the remainder when (a/(-10) + -3)*-5 is divided by 5?
3
Suppose 0 = -14*l + 3*l + 242. Calculate the remainder when l is divided by 12.
10
Suppose -71*g + 901 = -448. Suppose 0 = 3*k - 0*k - 162. Calculate the remainder when k is divided by g.
16
Let j(b) = -b**2 - 7*b - 7. Let f be j(-5). Suppose -f*l + l = 40. Calculate the remainder when -4*l/4 + 3 is divided by 12.
11
Let z(p) = 5*p + 259. Calculate the remainder when 72 is divided by z(-51).
0
Let m(l) = 3*l + 89. Calculate the remainder when 254 is divided by m(-19).
30
Let d = -26 + 26. Suppose d = 4*m + 8, -4*m - 142 = -4*z + 58. Calculate the remainder when z is divided by (-2)/(-7) + (-178)/(-14).
9
Suppose 0 = 16*c - 41*c + 8225. What is the remainder when c is divided by 15?
14
Let k = 107 - 61. Let h = k - -5. Calculate the remainder when h is divided by 9.
6
Let v(o) = 2*o**2 - 3*o + 2. Calculate the remainder when 9 is divided by v(1).
0
Let b(f) = f**2 - 2*f + 20. What is the remainder when b(6) is divided by 26?
18
Suppose 0 = -g - 5, -33 = -3*p + g - 10. Let q(f) = f - 2 + 1 - 2 + 8. Calculate the remainder when 21 is divided by q(p).
10
Let o = -63 + 76. What is the remainder when 126 is divided by o?
9
Let b(p) = -p - 9. Let k be b(-14). Suppose -k*u + 0*u = -460. Suppose u = a + a. What is the remainder when a is divided by 24?
22
Suppose -2*h + 7*h - 40 = 5*r, -4*h - 3*r + 53 = 0. Let n = h - 7. Let x(t) = 4*t**2 + 4*t - 5. Calculate the remainder when x(n) is divided by 26.
23
Suppose -b + 35 = -t, 4*b - 3*t - 167 = -b. Let r(h) = 120*h**2 + 1. Calculate the remainder when r(-1) is divided by b.
28
Suppose -3*n + 30 = -t, t + 0*t = -2*n + 20. Let d be -29 + (1 + 1)*-1. Let x = d - -58. What is the remainder when x is divided by n?
7
Suppose -3*x - 6420 = -23*x. What is the remainder when x is divided by 6?
3
Suppose -5*v + 52 = 6*p - 3*p, -p + 4 = 0. Let z(g) = g**3 - 9*g**2 + 9*g - 1. Calculate the remainder when 17 is divided by z(v).
3
Let y(k) = -k - 13. Let s be y(-15). Suppose -s*z + 4*j + 46 = 0, 2*z = -2*z - 3*j + 59. What is the remainder when z is divided by 9?
8
Let y = 133 - 132. Suppose 5*o + y = 31. What is the remainder when 22 is divided by o?
4
Let u(k) = -4*k**3 + 11*k + 61. What is the remainder when u(-5) is divided by 157?
35
Let n(m) = 2*m**3 - 67*m**2 + 64*m - 27. Calculate the remainder when n(33) is divided by 111.
108
Suppose -7 = -17*k + 180. What is the remainder when 52 is divided by k?
8
Let y be ((-20)/(-7))/(2/7). Let g be 30/7 - y/35. Calculate the remainder when (-195)/(-6) - 6/g is divided by 11.
9
Let g = 135 + -87. Calculate the remainder when g is divided by 25 - -1 - (0/8)/5.
22
Suppose -2*o = 5*i - 69, 0 = 4*i - 2*i + 4*o - 34. Let j = -766 + 770. What is the remainder when i is divided by j?
1
Let g be 595/(-15) + (-4)/(-6). What is the remainder when (2 - g)/(2/6) is divided by 14?
11
Let q = 5 - -3. Supp